{"id":1411,"date":"2024-05-08T20:28:19","date_gmt":"2024-05-08T18:28:19","guid":{"rendered":"https:\/\/cheminaissance.fr\/?page_id=1411"},"modified":"2024-05-08T20:41:55","modified_gmt":"2024-05-08T18:41:55","slug":"confirmation-reservation","status":"publish","type":"page","link":"https:\/\/cheminaissance.fr\/index.php\/confirmation-reservation\/","title":{"rendered":"Confirmation reservation"},"content":{"rendered":"\t\t<div data-elementor-type=\"wp-page\" data-elementor-id=\"1411\" class=\"elementor elementor-1411\">\n\t\t\t\t<div class=\"elementor-element elementor-element-92a778e e-flex e-con-boxed e-con e-parent\" data-id=\"92a778e\" data-element_type=\"container\" data-e-type=\"container\">\n\t\t\t\t\t<div class=\"e-con-inner\">\n\t\t\t\t<div class=\"elementor-element elementor-element-a624ca8 elementor-widget elementor-widget-text-editor\" data-id=\"a624ca8\" data-element_type=\"widget\" data-e-type=\"widget\" data-widget_type=\"text-editor.default\">\n\t\t\t\t<div class=\"elementor-widget-container\">\n\t\t\t\t\t\t\t\t\t<h2>MERCI !<\/h2><p>Votre r\u00e9servation a bien \u00e9t\u00e9 prise en compte.<\/p><p>Un mail de confirmation a \u00e9t\u00e9 envoy\u00e9 \u00e0 votre adresse mail.<\/p>\t\t\t\t\t\t\t\t<\/div>\n\t\t\t\t<\/div>\n\t\t\t\t\t<\/div>\n\t\t\t\t<\/div>\n\t\t\t\t<\/div>\n\t\t","protected":false},"excerpt":{"rendered":"<p>MERCI ! Votre r\u00e9servation a bien \u00e9t\u00e9 prise en compte. Un mail de confirmation a \u00e9t\u00e9 envoy\u00e9 \u00e0 votre adresse mail.<\/p>\n","protected":false},"author":1,"featured_media":0,"parent":0,"menu_order":0,"comment_status":"closed","ping_status":"closed","template":"","meta":{"footnotes":""},"class_list":["post-1411","page","type-page","status-publish","hentry","entry"],"yoast_head":"<!-- This site is optimized with the Yoast SEO plugin v27.4 - https:\/\/yoast.com\/product\/yoast-seo-wordpress\/ -->\n<title>Confirmation reservation - Cheminaissance<\/title>\n<meta name=\"robots\" content=\"index, follow, max-snippet:-1, max-image-preview:large, max-video-preview:-1\" \/>\n<link rel=\"canonical\" href=\"https:\/\/cheminaissance.fr\/index.php\/confirmation-reservation\/\" \/>\n<meta property=\"og:locale\" content=\"fr_FR\" \/>\n<meta property=\"og:type\" content=\"article\" \/>\n<meta property=\"og:title\" content=\"Confirmation reservation - Cheminaissance\" \/>\n<meta property=\"og:description\" content=\"MERCI ! Votre r\u00e9servation a bien \u00e9t\u00e9 prise en compte. Un mail de confirmation a \u00e9t\u00e9 envoy\u00e9 \u00e0 votre adresse mail.\" \/>\n<meta property=\"og:url\" content=\"https:\/\/cheminaissance.fr\/index.php\/confirmation-reservation\/\" \/>\n<meta property=\"og:site_name\" content=\"Cheminaissance\" \/>\n<meta property=\"article:publisher\" content=\"https:\/\/www.facebook.com\/julien.messonnier\" \/>\n<meta property=\"article:modified_time\" content=\"2024-05-08T18:41:55+00:00\" \/>\n<meta name=\"twitter:card\" content=\"summary_large_image\" \/>\n<script type=\"application\/ld+json\" class=\"yoast-schema-graph\">{\"@context\":\"https:\\\/\\\/schema.org\",\"@graph\":[{\"@type\":\"WebPage\",\"@id\":\"https:\\\/\\\/cheminaissance.fr\\\/index.php\\\/confirmation-reservation\\\/\",\"url\":\"https:\\\/\\\/cheminaissance.fr\\\/index.php\\\/confirmation-reservation\\\/\",\"name\":\"Confirmation reservation - Cheminaissance\",\"isPartOf\":{\"@id\":\"https:\\\/\\\/cheminaissance.fr\\\/#website\"},\"datePublished\":\"2024-05-08T18:28:19+00:00\",\"dateModified\":\"2024-05-08T18:41:55+00:00\",\"breadcrumb\":{\"@id\":\"https:\\\/\\\/cheminaissance.fr\\\/index.php\\\/confirmation-reservation\\\/#breadcrumb\"},\"inLanguage\":\"fr-FR\",\"potentialAction\":[{\"@type\":\"ReadAction\",\"target\":[\"https:\\\/\\\/cheminaissance.fr\\\/index.php\\\/confirmation-reservation\\\/\"]}]},{\"@type\":\"BreadcrumbList\",\"@id\":\"https:\\\/\\\/cheminaissance.fr\\\/index.php\\\/confirmation-reservation\\\/#breadcrumb\",\"itemListElement\":[{\"@type\":\"ListItem\",\"position\":1,\"name\":\"Accueil\",\"item\":\"https:\\\/\\\/cheminaissance.fr\\\/\"},{\"@type\":\"ListItem\",\"position\":2,\"name\":\"Confirmation reservation\"}]},{\"@type\":\"WebSite\",\"@id\":\"https:\\\/\\\/cheminaissance.fr\\\/#website\",\"url\":\"https:\\\/\\\/cheminaissance.fr\\\/\",\"name\":\"Cheminaissance\",\"description\":\"\",\"publisher\":{\"@id\":\"https:\\\/\\\/cheminaissance.fr\\\/#organization\"},\"potentialAction\":[{\"@type\":\"SearchAction\",\"target\":{\"@type\":\"EntryPoint\",\"urlTemplate\":\"https:\\\/\\\/cheminaissance.fr\\\/?s={search_term_string}\"},\"query-input\":{\"@type\":\"PropertyValueSpecification\",\"valueRequired\":true,\"valueName\":\"search_term_string\"}}],\"inLanguage\":\"fr-FR\"},{\"@type\":\"Organization\",\"@id\":\"https:\\\/\\\/cheminaissance.fr\\\/#organization\",\"name\":\"Cheminaissance\",\"url\":\"https:\\\/\\\/cheminaissance.fr\\\/\",\"logo\":{\"@type\":\"ImageObject\",\"inLanguage\":\"fr-FR\",\"@id\":\"https:\\\/\\\/cheminaissance.fr\\\/#\\\/schema\\\/logo\\\/image\\\/\",\"url\":\"https:\\\/\\\/cheminaissance.fr\\\/wp-content\\\/uploads\\\/2024\\\/03\\\/cropped-logo_fond1_transparent-1.png\",\"contentUrl\":\"https:\\\/\\\/cheminaissance.fr\\\/wp-content\\\/uploads\\\/2024\\\/03\\\/cropped-logo_fond1_transparent-1.png\",\"width\":596,\"height\":564,\"caption\":\"Cheminaissance\"},\"image\":{\"@id\":\"https:\\\/\\\/cheminaissance.fr\\\/#\\\/schema\\\/logo\\\/image\\\/\"},\"sameAs\":[\"https:\\\/\\\/www.facebook.com\\\/julien.messonnier\"]}]}<\/script>\n<!-- \/ Yoast SEO plugin. -->","yoast_head_json":{"title":"Confirmation reservation - Cheminaissance","robots":{"index":"index","follow":"follow","max-snippet":"max-snippet:-1","max-image-preview":"max-image-preview:large","max-video-preview":"max-video-preview:-1"},"canonical":"https:\/\/cheminaissance.fr\/index.php\/confirmation-reservation\/","og_locale":"fr_FR","og_type":"article","og_title":"Confirmation reservation - Cheminaissance","og_description":"MERCI ! Votre r\u00e9servation a bien \u00e9t\u00e9 prise en compte. Un mail de confirmation a \u00e9t\u00e9 envoy\u00e9 \u00e0 votre adresse mail.","og_url":"https:\/\/cheminaissance.fr\/index.php\/confirmation-reservation\/","og_site_name":"Cheminaissance","article_publisher":"https:\/\/www.facebook.com\/julien.messonnier","article_modified_time":"2024-05-08T18:41:55+00:00","twitter_card":"summary_large_image","schema":{"@context":"https:\/\/schema.org","@graph":[{"@type":"WebPage","@id":"https:\/\/cheminaissance.fr\/index.php\/confirmation-reservation\/","url":"https:\/\/cheminaissance.fr\/index.php\/confirmation-reservation\/","name":"Confirmation reservation - Cheminaissance","isPartOf":{"@id":"https:\/\/cheminaissance.fr\/#website"},"datePublished":"2024-05-08T18:28:19+00:00","dateModified":"2024-05-08T18:41:55+00:00","breadcrumb":{"@id":"https:\/\/cheminaissance.fr\/index.php\/confirmation-reservation\/#breadcrumb"},"inLanguage":"fr-FR","potentialAction":[{"@type":"ReadAction","target":["https:\/\/cheminaissance.fr\/index.php\/confirmation-reservation\/"]}]},{"@type":"BreadcrumbList","@id":"https:\/\/cheminaissance.fr\/index.php\/confirmation-reservation\/#breadcrumb","itemListElement":[{"@type":"ListItem","position":1,"name":"Accueil","item":"https:\/\/cheminaissance.fr\/"},{"@type":"ListItem","position":2,"name":"Confirmation reservation"}]},{"@type":"WebSite","@id":"https:\/\/cheminaissance.fr\/#website","url":"https:\/\/cheminaissance.fr\/","name":"Cheminaissance","description":"","publisher":{"@id":"https:\/\/cheminaissance.fr\/#organization"},"potentialAction":[{"@type":"SearchAction","target":{"@type":"EntryPoint","urlTemplate":"https:\/\/cheminaissance.fr\/?s={search_term_string}"},"query-input":{"@type":"PropertyValueSpecification","valueRequired":true,"valueName":"search_term_string"}}],"inLanguage":"fr-FR"},{"@type":"Organization","@id":"https:\/\/cheminaissance.fr\/#organization","name":"Cheminaissance","url":"https:\/\/cheminaissance.fr\/","logo":{"@type":"ImageObject","inLanguage":"fr-FR","@id":"https:\/\/cheminaissance.fr\/#\/schema\/logo\/image\/","url":"https:\/\/cheminaissance.fr\/wp-content\/uploads\/2024\/03\/cropped-logo_fond1_transparent-1.png","contentUrl":"https:\/\/cheminaissance.fr\/wp-content\/uploads\/2024\/03\/cropped-logo_fond1_transparent-1.png","width":596,"height":564,"caption":"Cheminaissance"},"image":{"@id":"https:\/\/cheminaissance.fr\/#\/schema\/logo\/image\/"},"sameAs":["https:\/\/www.facebook.com\/julien.messonnier"]}]}},"jetpack_sharing_enabled":true,"_links":{"self":[{"href":"https:\/\/cheminaissance.fr\/index.php\/wp-json\/wp\/v2\/pages\/1411","targetHints":{"allow":["GET"]}}],"collection":[{"href":"https:\/\/cheminaissance.fr\/index.php\/wp-json\/wp\/v2\/pages"}],"about":[{"href":"https:\/\/cheminaissance.fr\/index.php\/wp-json\/wp\/v2\/types\/page"}],"author":[{"embeddable":true,"href":"https:\/\/cheminaissance.fr\/index.php\/wp-json\/wp\/v2\/users\/1"}],"replies":[{"embeddable":true,"href":"https:\/\/cheminaissance.fr\/index.php\/wp-json\/wp\/v2\/comments?post=1411"}],"version-history":[{"count":16,"href":"https:\/\/cheminaissance.fr\/index.php\/wp-json\/wp\/v2\/pages\/1411\/revisions"}],"predecessor-version":[{"id":1427,"href":"https:\/\/cheminaissance.fr\/index.php\/wp-json\/wp\/v2\/pages\/1411\/revisions\/1427"}],"wp:attachment":[{"href":"https:\/\/cheminaissance.fr\/index.php\/wp-json\/wp\/v2\/media?parent=1411"}],"curies":[{"name":"wp","href":"https:\/\/api.w.org\/{rel}","templated":true}]}}